ose 84*i = 98*i - 14602. Suppose 2 = -n, v - 5*n = 151 + i. What are the prime factors of v?
2, 37
Let y(q) = -q**3 + 91*q**2 - 113*q - 1259. List the prime factors of y(87).
2, 53, 181
Let o be 9/24 - 81/216. Let l be -2*2/4*-145. Suppose -4*g - g + l = o. List the prime factors of g.
29
Let v = 351 + -942. Let l = v - -996. List the prime factors of l.
3, 5
Let f(x) = -15*x - 29. Let r be 12/18*5*(-3)/2. Let o be f(r). Suppose -i + 169 = o. List the prime factors of i.
3, 41
Suppose -40*a + 35*a - 4*o + 16594 = 0, 5*o = 5. Suppose 0 = 11*b - 6*b - x - a, -2*x = -b + 660. List the prime factors of b.
2, 83
Let j(c) = 21*c**2 + 1884*c - 78. List the prime factors of j(-94).
2, 3, 11, 127
Let q(s) = -1254*s - 2297. What are the prime factors of q(-6)?
5227
Suppose -6 = 6*i - 9*i. Suppose d - 5*l + 5 = 0, -i*d - 5*l = -5*d - 5. List the prime factors of (-3 + 2 + d)*(-2 - 111).
113
Let y(j) = j**3 + 6*j**2 + j - 17. Let o be y(-5). Let m = 68 + o. Let n = m - -10. What are the prime factors of n?
3
Let v = 125 - 108. Suppose 101 - 16 = v*l. Suppose l*c = 109 + 251. List the prime factors of c.
2, 3
Let y(b) be the third derivative of 13*b**5/60 - b**4/24 - 4*b**3/3 - 3*b**2 + 4*b. What are the prime factors of y(4)?
2, 7
Suppose 333984 + 61365 - 16869 = 10*r. List the prime factors of r.
2, 3, 19, 83
Let l = -508 - -3336. What are the prime factors of l?
2, 7, 101
What are the prime factors of (31 - 33)*(-3 + (-19533)/6)?
7, 19
Let p = -367 - -370. Suppose -3*o + p*v = 7*v - 918, 2*o - 614 = -2*v. List the prime factors of o.
2, 5, 31
Let r(q) = -2*q + 3. Let d be r(1). Let w be (d - 0) + -14 + 542. Suppose -3*i + w = 199. What are the prime factors of i?
2, 5, 11
Suppose 0 = -45*z + 198*z - 278307. What are the prime factors of z?
17, 107
Suppose 11*m + 12 = 4*q + 6*m, -2*m = -q + 6. List the prime factors of 322/98 + q/7 + 226.
229
Suppose -4*r - 18260 = -9*r. Suppose -5*s + 4*c + r = -2*s, 4*s + 3*c = 4911. Suppose 8*o = 2*o + s. List the prime factors of o.
2, 3, 17
Let b(x) = 4*x**3 + 2*x**2 + 4*x + 2. Let t be b(-1). Let w be ((-3)/t)/((-15)/180). List the prime factors of 92 - -5*w/15.
89
Suppose -16825 = -2*j - 10760 + 13083. What are the prime factors of j?
2, 4787
Suppose 2*h = v + 11186, -2*h - 38*v = -41*v - 11190. Suppose 12*y - 4*y = h. What are the prime factors of y?
3, 233
Suppose 18*d + 100 = 38*d. Suppose -m - 515 = -3*l, 4*l - d*m - 369 = 303. What are the prime factors of l?
173
Let m(i) = 10*i**3 + 8*i**2 - 72*i + 807. What are the prime factors of m(11)?
14293
Let a(k) = 55*k**3 + 29*k + 2. What are the prime factors of a(6)?
2, 11, 137
Suppose -20 + 17 = m. Let w be 6/10 - ((-3666)/15 - m). Suppose 0 = 116*h - 115*h - w. What are the prime factors of h?
2, 11
Suppose -d = -v - 2*v - 8181, 4*d = 4*v + 32684. What are the prime factors of d?
2, 3, 1361
Let i = 644 + -204. Let n = i + -249. What are the prime factors of n?
191
Let a(p) = -p**2 - 3*p - 4. Let l be a(0). What are the prime factors of (l - 677)/(15/(-10))?
2, 227
What are the prime factors of 1374 - (128/(-768))/(26/(-12) + 2)?
1373
Let z be (-8)/(-14) + (-192)/(-56). Let h be 4 + 858/24 - 3/z. Suppose 4*l - 1 = h. What are the prime factors of l?
2, 5
Let m = -32827 - -107826. What are the prime factors of m?
37, 2027
Let u = 2221 + -251. What are the prime factors of u?
2, 5, 197
What are the prime factors of (0 - 2)*(-1 + (-63)/(-18)) + 8078?
3, 13, 23
Suppose 18*y - 21*y - 5*q = -21673, 0 = -2*y - 4*q + 14448. List the prime factors of y.
2, 3613
Let y(f) = -57*f + 25*f - 20*f - 1 - 1. Let r be y(-1). Suppose 5*o = o + h + 41, 2*h = -4*o + r. List the prime factors of o.
11
Let x be (-2 - 3)/(-5) + 4. Suppose 3*w + 204 = q, -x*q + 5*w + 525 = -485. What are the prime factors of q?
3, 67
Let i be (-4)/(3 - 2) + 267. Let r = 17 + i. List the prime factors of r.
2, 5, 7
Suppose 7*n = 4 - 144. Let k(j) = -3*j**2 - 93*j - 69. List the prime factors of k(n).
3, 197
Suppose 23*t - 32 = 25*t. List the prime factors of (84/t)/(-7) + 2356/16.
2, 37
Let i(p) = p**3 - 8*p**2 + 10*p - 24. Let f be i(10). Let v = f - 157. List the prime factors of 667/7 + (-34)/v.
5, 19
Suppose -51*p + o + 83579 = -47*p, 104470 = 5*p - 5*o. List the prime factors of p.
3, 5, 7, 199
Let x(n) be the second derivative of 1/2*n**2 + 7/6*n**3 + 0 + 15*n. What are the prime factors of x(15)?
2, 53
Let a(w) = w**2 + 28*w + 108. Let v be a(-23). Let j(s) = -2*s**3 + 3*s - 17. What are the prime factors of j(v)?
2, 3
Let w(y) = -y**3 - 14*y**2 + 77*y + 30. Let p be w(-22). Suppose -z - 2*t - 558 = -2*z, -4*z + p = 4*t. What are the prime factors of z?
2, 277
Suppose -20*u = 55*u - 20325. What are the prime factors of u?
271
Suppose 0*h - 2*h + 646 = -4*c, 3*h = c + 164. Let g = c - -973. Suppose g = 4*w + 3*w. List the prime factors of w.
2, 29
Let p = 6628 + 28389. What are the prime factors of p?
19, 97
Suppose 91*u - 131041 - 114568 = 0. What are the prime factors of u?
2699
Let p = 282 - 415. What are the prime factors of ((-76)/p)/(6/(-7))*-1101?
2, 367
Let g = 369 + -370. What are the prime factors of (-9)/(g/4 - (-48)/(-64))?
3
Let r(l) = -2*l + 34. Let n be r(15). Suppose q - 5*k - 9 = 0, n*q - 86 - 13 = -k. List the prime factors of 127 + 15/4 + 6/q.
131
Suppose 248260 = 8*j + 200*j - 154844. What are the prime factors of j?
2, 3, 17, 19
Let a = 13988 + -9071. List the prime factors of a.
3, 11, 149
Let u be (-8)/36 + 38/9. Suppose -28 = -u*z - 4*f, 4*f - 25 = -2*z - 1. Suppose -g = -5*j + g + 36, z*j - g = 15. List the prime factors of j.
2, 3
Suppose 2*u - 1 = b + 2, 0 = 4*b - 2*u - 12. List the prime factors of ((-158)/((-5)/b))/((-2)/(-4)).
2, 79
Suppose 2*h - 8 = -2*h. Suppose -2*o = -6 - h. Suppose 7*i + o*i - 22 = 0. List the prime factors of i.
2
Let j = 15868 - 10834. List the prime factors of 12/(-18)*j/(-4).
839
Let r = -6974 + 13885. List the prime factors of r.
6911
What are the prime factors of -226*(-12)/(-16)*((-250)/15 - -4)?
19, 113
Let k = 3695 + -2768. What are the prime factors of k?
3, 103
What are the prime factors of 42284/1122*1065 + 2*(-2)/(-34)?
2, 29, 173
Let d = -942 - -1774. Suppose v - 464 = d. What are the prime factors of v?
2, 3
Let d(b) = 5*b + 21. Let j be d(7). Let i = -54 + j. Suppose -i*k = -4*k + 266. List the prime factors of k.
7, 19
Suppose 4*o = -k + 3*k - 1494, -3*o - 3008 = -4*k. Let l = 723 + k. List the prime factors of l.
2, 739
Suppose 4*i - 3*i + 13 = 5*p, -2*p = 4*i - 14. Suppose i*r + 1631 = 5*q, -5*r - 6 + 16 = 0. List the prime factors of q.
3, 109
Suppose 2*d + 51720 = 5*u, -3*d + 31021 = 3*u - 2*d. What are the prime factors of u?
2, 5171
Let q(u) = 3*u**2 - 10. Let m be q(-2). Suppose -t = -m*y + 2642, 8*t = 3*y + 4*t - 3963. List the prime factors of y.
1321
Let m = 33459 + -3101. What are the prime factors of m?
2, 43, 353
Let p(r) = -r**2 - 6*r. Let c be p(-12). Let j be (c/(-10))/(4/30). Let f = 150 - j. List the prime factors of f.
2, 3
Let a = -160 - -135. Let d(i) = -13*i - 6. Let m be d(5). Let j = a - m. What are the prime factors of j?
2, 23
Suppose 5*l - q + 51 = 0, 7*l - 3*l = -3*q - 37. Let d be (-152)/l + (-3)/15. List the prime factors of d - -162 - 0/2.
3, 59
Let q = 0 + -24. Let u be (-9)/12 + 1 + (-90)/q. What are the prime factors of 235/4 - (-1)/u?
59
List the prime factors of 3106280/88 + (-76)/(-209).
11, 3209
Let i(f) = 0*f - 20 + 2*f + 2*f. Let t be -6 + (9 + -3 - -9). List the prime factors of i(t).
2
Suppose 6 = -60*q + 63*q. Suppose -q*s + 11 - 23 = 0. List the prime factors of ((-711)/s - 1)/((-1)/(-2)).
5, 47
Suppose 40*d = 110*d - 286580. What are the prime factors of d?
2, 23, 89
What are the prime factors of (16/20)/((-14639984)/915000 - -16)?
2, 3, 5, 61
List the prime factors of -197*(43/11 + -4 - (-1750)/(-110)).
2, 197
Let s(v) = -7*v - 23. Let c be s(-4). Suppose 141 = c*r - 134. Suppose r - 255 = -2*l. What are the prime factors of l?
2, 5
Suppose 43*y - 1399 = 40*y - 4*w, 5*w = -2*y + 928. List the prime factors of y.
7, 67
Suppose -8*d = 8*d + 368. Let a = d - -109. What are the prime factors of a?
2, 43
Suppose -8*f = -1259 - 669. Suppose f*h = 253*h - 6552. List the prime factors of h.
2, 3, 7, 13
Let l(z) = 1863*z**2 - 24*z + 57. What are the prime factors of l(2)?
3, 829
Let j(o) = 